(t) = 4*t**2 + 5*t + 2. Calculate the remainder when n(-5) is divided by g.
23
Let p be 3/6 - ((-259)/14 + 2). Suppose 0 = -p*a + 22*a - 305. What is the remainder when 302 is divided by a?
58
Let j(q) = -263*q - 10. Let v be j(-4). Suppose v = 8*p - 126. Calculate the remainder when p is divided by 49.
48
Suppose -160*g + 193*g + 213 - 807 = 0. Let v(x) = x + 2. Let r be v(6). Suppose -h + g + r = 0. Calculate the remainder when 98 is divided by h.
20
Let z be -74*45/(-18) + -2. Suppose 3*w = 208*k - 203*k + 186, -4*k - z = -3*w. Calculate the remainder when w is divided by (-242)/(-8) - (-2)/(-8).
27
Suppose -n + 104 = 3*n. Suppose n*p - 230 = 21*p. Suppose 0 = 2*t - 4*d - 74, 0 = 5*t - 3*d - p - 174. Calculate the remainder when t is divided by 6.
5
Let c = -20 - -60. Let r = c - 38. Suppose r*j = o + 24, 0 = -5*j - 0*o - o + 46. Calculate the remainder when j is divided by 4.
2
Suppose w - 2*q = 40 - 16, 4*q = 0. What is the remainder when 1377 is divided by w?
9
Let x = -482 + 288. What is the remainder when 147 is divided by (-1)/(-13) - x/13?
12
Suppose -2*d = d - 561. Calculate the remainder when d is divided by (-14 - -3)/((-55)/225).
7
Let d(u) = 17*u**2 + 20*u - 13. Let g(f) = 5*f**2 + 7*f - 4. Let w(a) = 6*d(a) - 17*g(a). Calculate the remainder when w(-4) is divided by 13.
11
Let u(f) = -f**3 - f**2 + 24. Suppose 558 = 10*z - 32. Suppose -33 - z = -2*c. Calculate the remainder when c is divided by u(0).
22
Suppose -6*n = -w - 5, -10*n + 64 = 4*w - 13*n. What is the remainder when w is divided by (-2)/8 - (-21)/4?
4
What is the remainder when 41 is divided by (136/(-2) + 52/(-26))/(-2)?
6
Suppose -3*t + 4*f = -4002 + 105, -2*f - 5216 = -4*t. Calculate the remainder when t is divided by 4.
3
Let b be (-162)/8 + 84/(-112). Let x(j) = -j**2 + j + 6. Let t be x(-7). Let p = b - t. Calculate the remainder when p is divided by 19.
10
Let n(x) = -2*x**3 + 115*x**2 - 54*x - 20. Calculate the remainder when n(57) is divided by 85.
66
Let w = -252 - -278. What is the remainder when 36 is divided by -3 + (1 - 5) + w?
17
Suppose -5*h + 3*u - 75 = -2*u, -5*u - 29 = 3*h. Let d be 6/(-39) - (-466)/h. What is the remainder when 8 is divided by ((-4)/6 + 0)*d/8?
2
Let a(k) = -k**3 - 16*k**2 - 35*k + 7. Let f be a(-14). Let h = 271 - f. Let l = 17 - -11. Calculate the remainder when h is divided by l.
26
Let d(c) = -c + 37. What is the remainder when d(-4) is divided by -3 + (41 - (4 - -2))?
9
Let o = -4954 + 4969. What is the remainder when 1451 is divided by o?
11
Suppose 3*c - 5029 + 2476 = 0. Let l = c - 819. What is the remainder when l is divided by 11?
10
Let b(q) = q**2 - 18*q + 20. Let u(w) = -4*w**2 - 117*w - 21. What is the remainder when u(-29) is divided by b(17)?
2
Suppose -4*z + 46 = 2. Let t = 66 + -60. Suppose -t*b + 8*b - 64 = 0. Calculate the remainder when b is divided by z.
10
Suppose -2*l + 16 = 2*g, 4*g + 3*l - 26 = 2*l. Let m(z) = 6*z + 11. Let y be m(g). Let a = y + -16. What is the remainder when 90 is divided by a?
28
Let k(w) = -438*w + 296. Calculate the remainder when k(-5) is divided by 15.
11
Let k(y) = 16*y - 14 - 3*y**2 + 7*y**2 - 3 + 26. What is the remainder when 39 is divided by k(-4)?
3
Suppose 1038*m + p = 1039*m - 18, -4*m = -2*p - 58. Suppose 3 = i + 2*g, 4*i - g - 15 = -6*g. What is the remainder when m is divided by i?
1
Let x = 151 + -117. Let d = x - -21. Calculate the remainder when d is divided by 22.
11
Suppose 1126 + 560 = 64*g + 534. What is the remainder when 4420 is divided by g?
10
Suppose -67 = -3*y + 5*o, 5*o - 111 = -3*y - 34. What is the remainder when (y/72)/((-1046)/(-522) + -2) is divided by 30?
27
Suppose -44*t + 10*t + 4148 = 0. What is the remainder when 822 is divided by t?
90
Suppose -94 = -5*y - n, 4*y - 2*n + 3*n - 76 = 0. Let p = 393 - -240. Let s = p + -546. Calculate the remainder when s is divided by y.
15
Let i(k) = 124*k - 5. Suppose -15*q - 4*f + 74 = -14*q, 2*q + 5*f = 139. Calculate the remainder when i(2) is divided by q.
57
Let v = 3175 + -2977. What is the remainder when v is divided by 94?
10
Let v(k) = k**3 - 19*k**2 + 34*k - 125. Calculate the remainder when v(18) is divided by 30.
13
Suppose -3*r - 5*r + 16 = 0. Let k be 5/(40/(-72))*r/6. Let f = k - -37. What is the remainder when f is divided by 18?
16
Suppose -3*j + 147 = -4*p, 25*j = 24*j - 3*p + 75. What is the remainder when j is divided by 26?
5
Let j = 12181 + -12164. Let k(w) = 2*w**3 - 4*w**2 + 2*w + 1. Let m be k(2). What is the remainder when 414/m - (-2)/10 is divided by j?
15
Suppose 16*j - 16203 + 3480 = 1645. What is the remainder when j is divided by 188?
146
Let h(p) = -p**2 - p + 3. Let x be h(-6). Let j be (-6)/x + (-3388)/(-63). Suppose -11*g = -13*g + j. What is the remainder when 104 is divided by g?
23
Suppose -11*z + 28*z = -23*z + 14760. What is the remainder when z is divided by 12?
9
Let j be (1/1 - -14) + (9 - 8). Suppose j*o - 66 = -2. Let r = 10 - 1. What is the remainder when r is divided by o?
1
Let s(n) = n**3 - 246*n**2 - 1002*n + 637. Let h(b) = -b**3 + 3*b**2 + 4*b - 2. Calculate the remainder when s(250) is divided by h(3).
7
Suppose -4*l = u - 22 + 3, 2*l = -2*u + 50. Let j(n) = -n**3 + 5*n**2 - 4*n. Let d be j(4). Calculate the remainder when u is divided by d + 1 - 9*(-2 - -1).
7
Let w be (-42)/399 + 0 + (-177)/(-57). Suppose -k - 1 = 0, w*j - 5*k - 358 = -7*k. Calculate the remainder when j is divided by 11.
10
Let s be 480/35 + (-6)/(-21). Suppose 8 - s = -l. What is the remainder when 20 is divided by l?
2
Let s = -73 + 75. Let t be s/((-30)/(-253)) - 80/(-600). Suppose t + 35 = 2*l. What is the remainder when l is divided by 9?
8
Suppose -43*u + 19*u + 32*u = 816. Calculate the remainder when 283 is divided by u.
79
Let k = -50 - -54. Suppose 3*l - k*t + 33 = 174, -4*l + 198 = -2*t. Let o = l + -24. Calculate the remainder when o is divided by 8.
3
Let b(o) = -6*o**3 - 2*o**2 + 5*o + 3. Let y be b(-3). Suppose -15*p = -18*p + y. What is the remainder when p is divided by 13?
5
Suppose -4*l + 0*y + 4 = 4*y, -y = 5*l - 5. Suppose -3*a = -27 - 189. Calculate the remainder when a is divided by 17 + 0/l + -2.
12
Let y = 217 + -130. Suppose 2*r - 3*x = -4*x + 33, -5*r + 75 = 5*x. What is the remainder when y is divided by r?
15
Let b(h) = h**3 - 35*h**2 + 127*h - 8. Calculate the remainder when 340 is divided by b(4).
0
Suppose -4*f = -3*b + 4 - 30, 2*b + 24 = 4*f. Let j be (-1)/4 + (-994)/(-8). What is the remainder when (j/1)/(-6 - 16/b) is divided by 21?
20
Suppose 168*r - 33408 = 40*r. What is the remainder when r is divided by 8?
5
Let v(a) = -20*a**2 - 361*a + 8. Calculate the remainder when 5284 is divided by v(-13).
0
Suppose 7*p + 3999 = 989. Let i = p + 626. Calculate the remainder when i is divided by (-14)/(-49) + 458/14.
31
Let h(b) = 12*b**2 - 5*b - 218. Calculate the remainder when h(-8) is divided by 16.
14
Let t(f) = 6*f**2 + 4*f - 5. What is the remainder when t(5) is divided by 33 - (-494)/(-26) - -7?
18
Let s be 4*(-9)/(-126) - (-2096)/14. Let u be (-19 + -1)*(-3 + (-30)/(-12)). Suppose u*r - 80 = s. What is the remainder when 89 is divided by r?
20
Suppose 4*w - 2*x = 128, 0 = 4*w + 4*x + 105 - 245. Suppose 2*c - 35 = 1. Calculate the remainder when w is divided by c.
15
Suppose 0 = 16*b - 2 - 2110. Calculate the remainder when 527 is divided by b.
131
Let w be 6/2 + 0 + 24*1. Suppose -5 - w = -2*h. Calculate the remainder when 0 - -4*(9 - 2) is divided by h.
12
Suppose -3*g = 9, 5*g + 21 + 38 = 4*r. Let o be 2/2*r - 2. Suppose h + 4*b - o = 0, 4*h + 2*b = 3*b + 70. What is the remainder when 61 is divided by h?
10
Let d(o) = 38*o - 3. Let g(z) = 40*z - 4. Let u(b) = -3*d(b) + 2*g(b). What is the remainder when u(-2) is divided by 36?
33
Let r(q) = q - 10. Let g be r(8). Let j(o) = 8*o + 141. Let s be j(-17). Calculate the remainder when 41 is divided by ((80/(-12))/s)/(g/9).
5
Let y(z) = 11*z + 3. Let p be y(1). Suppose -4*c = -270 + p. Calculate the remainder when c is divided by ((-3)/9)/((-7)/231).
9
Let h = 43 - 23. Let z be (-1)/5 - -119*h/25. Suppose 18 = 2*g + 3*j - 47, -4*g + j = -z. Calculate the remainder when g is divided by 4.
1
Calculate the remainder when (1502/(-22))/(2/(-22)) is divided by 742.
9
Let k = 68 + -18. Let b = -30 + k. Suppos